reds digit of 1105157?
1
What is the millions digit of 3002324?
3
What is the units digit of 1763726?
6
What is the thousands digit of 2345807?
5
What is the hundred thousands digit of 461368?
4
What is the hundred thousands digit of 630330?
6
What is the thousands digit of 1118619?
8
What is the hundred thousands digit of 31703933?
7
What is the hundred thousands digit of 1112062?
1
What is the tens digit of 74987?
8
What is the units digit of 18928?
8
What is the hundreds digit of 579053?
0
What is the thousands digit of 167054?
7
What is the millions digit of 15935601?
5
What is the hundred thousands digit of 8692618?
6
What is the hundreds digit of 2634638?
6
What is the ten thousands digit of 946781?
4
What is the hundreds digit of 1760953?
9
What is the thousands digit of 232962?
2
What is the thousands digit of 3043022?
3
What is the thousands digit of 2798751?
8
What is the units digit of 1544851?
1
What is the thousands digit of 10748364?
8
What is the tens digit of 1073811?
1
What is the millions digit of 6002191?
6
What is the ten millions digit of 10789401?
1
What is the hundreds digit of 9169618?
6
What is the thousands digit of 14982?
4
What is the tens digit of 11968362?
6
What is the units digit of 81405?
5
What is the millions digit of 1150303?
1
What is the ten thousands digit of 1889850?
8
What is the hundreds digit of 6754408?
4
What is the units digit of 1950541?
1
What is the thousands digit of 540210?
0
What is the hundred thousands digit of 220789?
2
What is the hundred thousands digit of 272043?
2
What is the hundred thousands digit of 5400034?
4
What is the units digit of 277044?
4
What is the thousands digit of 1598654?
8
What is the tens digit of 106846?
4
What is the units digit of 1569236?
6
What is the millions digit of 10952976?
0
What is the millions digit of 1667329?
1
What is the hundreds digit of 69019?
0
What is the hundred thousands digit of 489912?
4
What is the ten thousands digit of 522277?
2
What is the units digit of 4040550?
0
What is the tens digit of 4671461?
6
What is the ten thousands digit of 214389?
1
What is the hundred thousands digit of 922348?
9
What is the millions digit of 5920943?
5
What is the hundreds digit of 5153557?
5
What is the ten thousands digit of 4822452?
2
What is the millions digit of 1973300?
1
What is the hundreds digit of 90292?
2
What is the thousands digit of 2773336?
3
What is the thousands digit of 166293?
6
What is the tens digit of 1210481?
8
What is the tens digit of 445463?
6
What is the thousands digit of 6715515?
5
What is the ten millions digit of 18150970?
1
What is the millions digit of 1047496?
1
What is the hundreds digit of 9944141?
1
What is the tens digit of 1092768?
6
What is the units digit of 10373253?
3
What is the tens digit of 1292780?
8
What is the hundreds digit of 44958?
9
What is the hundreds digit of 111821?
8
What is the hundreds digit of 213889?
8
What is the hundred thousands digit of 747926?
7
What is the tens digit of 672374?
7
What is the ten thousands digit of 888264?
8
What is the units digit of 3793080?
0
What is the ten thousands digit of 1172642?
7
What is the hundreds digit of 459575?
5
What is the millions digit of 1195279?
1
What is the units digit of 199599?
9
What is the tens digit of 664092?
9
What is the ten thousands digit of 400430?
0
What is the hundreds digit of 293429?
4
What is the hundreds digit of 319696?
6
What is the hundred thousands digit of 17127014?
1
What is the hundreds digit of 398285?
2
What is the tens digit of 34503199?
9
What is the tens digit of 4343352?
5
What is the thousands digit of 6084892?
4
What is the hundred thousands digit of 21318568?
3
What is the ten millions digit of 31814155?
3
What is the units digit of 73702?
2
What is the tens digit of 136324?
2
What is the thousands digit of 440454?
0
What is the hundred thousands digit of 8349989?
3
What is the tens digit of 2920587?
8
What is the ten thousands digit of 4329118?
2
What is the hundred thousands digit of 812386?
8
What is the millions digit of 1857929?
1
What is the hundred thousands digit of 1091788?
0
What is the hundreds digit of 8960231?
2
What is the ten thousands digit of 1434448?
3
What is the tens digit of 8609971?
7
What is the units digit of 7356858?
8
What is the tens digit of 26549?
4
What is the hundred thousands digit of 24626208?
6
What is the ten thousands digit of 527492?
2
What is the thousands digit of 12836378?
6
What is the hundred thousands digit of 26968086?
9
What is the tens digit of 11277589?
8
What is the tens digit of 18979255?
5
What is the thousands digit of 152697?
2
What is the millions digit of 2644976?
2
What is the thousands digit of 6837?
6
What is the hundred thousands digit of 336622?
3
What is the tens digit of 731464?
6
What is the hundred thousands digit of 507006?
5
What is the ten thousands digit of 29931966?
3
What is the thousands digit of 19630?
9
What is the ten thousands digit of 536759?
3
What is the millions digit of 3120461?
3
What is the hundred thousands digit of 697661?
6
What is the units digit of 707912?
2
What is the millions digit of 5948668?
5
What is the ten thousands digit of 891469?
9
What is the hundred thousands digit of 37938240?
9
What is the ten thousands digit of 625632?
2
What is the millions digit of 4177090?
4
What is the tens digit of 380819?
1
What is the tens digit of 603688?
8
What is the units digit of 9662355?
5
What is the hundreds digit of 509613?
6
What is the units digit of 9169869?
9
What is the ten thousands digit of 1393871?
9
What is the units digit of 216644?
4
What is the ten thousands digit of 6841655?
4
What is the ten thousands digit of 103356?
0
What is the hundred thousands digit of 4828111?
8
What is the ten thousands digit of 177675?
7
What is the hundred thousands digit of 191367?
1
What is the tens digit of 245927?
2
What is the hundred thousands digit of 1491976?
4
What is the units digit of 647843?
3
What is the hundreds digit of 4100459?
4
What is the tens digit of 1687745?
4
What is the hundreds digit of 1095827?
8
What is the hundreds digit of 35946815?
8
What is the ten thousands digit of 578388?
7
What is the tens digit of 7035341?
4
What is the ten thousands digit of 1243167?
4
What is the hundred thousands digit of 2749499?
7
What is the units digit of 3708894?
4
What is the millions digit of 2290716?
2
What is the tens digit of 275887?
8
What is the ten millions digit of 34378751?
3
What is the units digit of 3203751?
1
What is the units digit of 268805?
5
What is the hundreds digit of 414176?
1
What is the ten thousands digit of 1609704?
0
What is the units digit of 409543?
3
What is the thousands digit of 1533743?
3
What is the tens digit of 61748?
4
What is the tens digit of 66518?
1
What is the millions digit of 1398059?
1
What is the thousands digit of 56645?
6
What is the tens digit of 11704976?
7
What is the hundreds digit of 1317659?
6
What is the units digit of 10598184?
4
What is the millions digit of 3042519?
3
What is the tens digit of 549235?
3
What is the tens digit of 56?
5
What is the hundreds digit of 9746249?
2
What is the thousands digit of 1641637?
1
What is the hundreds digit of 791803?
8
What is the hundred thousands digit of 14161584?
1
What is the thousands digit of 89542?
9
What is the units digit of 102687?
7
What is the units digit of 293095?
5
What is the ten thousands digit of 162505?
6
What is the millions digit of 7564328?
7
What is the millions digit of 19316433?
9
What is the thousands digit of 189552?
9
What is the hundreds digit of 1679170?
1
What is the hundreds digit of 158124?
1
What is the hundred thousands digit of 789353?
7
What is the units digit of 362484?
4
What is the tens digit of 3507853?
5
What is the units digit of 155703?
3
What is the tens digit of 28684732?
3
What is the tens digit of 931890?
9
What is the hundred thousands digit of 153651?
1
What is the tens digit of 266712?
1
What is the ten millions digit of 33385431?
3
What is the units digit of 3036134?
4
What is the tens digit of 3203?
0
What is the tens digit of 2735808?
0
What is the hundreds digit of 4939644?
6
What is the ten thousands digit of 469701?
6
What is the thousands digit of 8733807?
3
What is the thousands